{"id":887,"date":"2018-01-15T19:32:33","date_gmt":"2018-01-15T19:32:33","guid":{"rendered":"http:\/\/simeplast.pl\/?post_type=product&#038;p=887"},"modified":"2024-04-15T13:52:43","modified_gmt":"2024-04-15T13:52:43","slug":"klej-montazowy-eco","status":"publish","type":"product","link":"https:\/\/simeplast.pl\/?product=klej-montazowy-eco","title":{"rendered":"Klej Monta\u017cowy eco"},"content":{"rendered":"","protected":false},"excerpt":{"rendered":"<div class=\"woocommerce-product-details__short-description\">\n<h2><strong>Klej monta\u017cowy bezrozpuszczalnikowy<br \/>\n<\/strong><\/h2>\n<p>Klej Monta\u017cowy ECO jest uniwersalnym w zastosowaniu klejem bazuj\u0105cym na wodnej dyspersji akrylowej. Charakteryzuje si\u0119 bardzo dobr\u0105 przyczepno\u015bci\u0105 do materia\u0142\u00f3w i pod\u0142o\u017cy spotykanych w budownictwie takich jak: drewno, twardy PCW, metal, kamienie, ceg\u0142a, beton, gips itp.. Zachowuje elastyczno\u015b\u0107 po wyschni\u0119ciu, jest odporny na wilgo\u0107 oraz wahania temperatury w zakresie-15 do +60\u00b0C. Nie zawiera rozpuszczalnik\u00f3w.<\/p>\n<\/div>\n","protected":false},"featured_media":2091,"template":"","meta":[],"product_cat":[27],"product_tag":[],"_links":{"self":[{"href":"https:\/\/simeplast.pl\/index.php?rest_route=\/wp\/v2\/product\/887"}],"collection":[{"href":"https:\/\/simeplast.pl\/index.php?rest_route=\/wp\/v2\/product"}],"about":[{"href":"https:\/\/simeplast.pl\/index.php?rest_route=\/wp\/v2\/types\/product"}],"wp:featuredmedia":[{"embeddable":true,"href":"https:\/\/simeplast.pl\/index.php?rest_route=\/wp\/v2\/media\/2091"}],"wp:attachment":[{"href":"https:\/\/simeplast.pl\/index.php?rest_route=%2Fwp%2Fv2%2Fmedia&parent=887"}],"wp:term":[{"taxonomy":"product_cat","embeddable":true,"href":"https:\/\/simeplast.pl\/index.php?rest_route=%2Fwp%2Fv2%2Fproduct_cat&post=887"},{"taxonomy":"product_tag","embeddable":true,"href":"https:\/\/simeplast.pl\/index.php?rest_route=%2Fwp%2Fv2%2Fproduct_tag&post=887"}],"curies":[{"name":"wp","href":"https:\/\/api.w.org\/{rel}","templated":true}]}}