{"id":873,"date":"2018-01-15T18:48:37","date_gmt":"2018-01-15T18:48:37","guid":{"rendered":"http:\/\/simeplast.pl\/?post_type=product&#038;p=873"},"modified":"2018-01-15T18:56:30","modified_gmt":"2018-01-15T18:56:30","slug":"piana-pistoletowa","status":"publish","type":"product","link":"https:\/\/simeplast.pl\/?product=piana-pistoletowa","title":{"rendered":"Piana Pistoletowa"},"content":{"rendered":"","protected":false},"excerpt":{"rendered":"<div class=\"woocommerce-product-details__short-description\">\n<h2><strong>Piana poliuretanowa do aplikatora pistoletowego<br \/>\n<\/strong><\/h2>\n<p>Profesjonalna, jednosk\u0142adnikowa poliuretanowa piana pistoletowa charakteryzuj\u0105ca si\u0119: obni\u017con\u0105 rozpr\u0119\u017calno\u015bci\u0105, kr\u00f3tkim czasem utwardzania, doskona\u0142\u0105 przyczepno\u015bci\u0105 do wi\u0119kszo\u015bci materia\u0142\u00f3w budowlanych tj.: ceg\u0142a, beton, kamie\u0144, tynk, drewno, PCV, aluminium (r\u00f3wnie\u017c pokrytych pow\u0142okami proszkowymi, powierzchni szkliwionych itd.), bardzo dobr\u0105 izolacyjno\u015bci\u0105 termiczn\u0105 i akustyczn\u0105, wysok\u0105 wydajno\u015bci\u0105 i stabilno\u015bci\u0105 wymiar\u00f3w. Pistoletowy aplikator zapewnia najwy\u017csz\u0105 precyzj\u0119 i ekonomiczno\u015b\u0107 dozowania.<\/p>\n<p>Piana ca\u0142oroczna od -5\u00b0C do +30\u00b0C.<\/p>\n<\/div>\n","protected":false},"featured_media":864,"template":"","meta":[],"product_cat":[26],"product_tag":[],"_links":{"self":[{"href":"https:\/\/simeplast.pl\/index.php?rest_route=\/wp\/v2\/product\/873"}],"collection":[{"href":"https:\/\/simeplast.pl\/index.php?rest_route=\/wp\/v2\/product"}],"about":[{"href":"https:\/\/simeplast.pl\/index.php?rest_route=\/wp\/v2\/types\/product"}],"wp:featuredmedia":[{"embeddable":true,"href":"https:\/\/simeplast.pl\/index.php?rest_route=\/wp\/v2\/media\/864"}],"wp:attachment":[{"href":"https:\/\/simeplast.pl\/index.php?rest_route=%2Fwp%2Fv2%2Fmedia&parent=873"}],"wp:term":[{"taxonomy":"product_cat","embeddable":true,"href":"https:\/\/simeplast.pl\/index.php?rest_route=%2Fwp%2Fv2%2Fproduct_cat&post=873"},{"taxonomy":"product_tag","embeddable":true,"href":"https:\/\/simeplast.pl\/index.php?rest_route=%2Fwp%2Fv2%2Fproduct_tag&post=873"}],"curies":[{"name":"wp","href":"https:\/\/api.w.org\/{rel}","templated":true}]}}