{"id":622,"date":"2018-01-04T09:15:14","date_gmt":"2018-01-04T09:15:14","guid":{"rendered":"http:\/\/simeplast.pl\/?post_type=product&#038;p=622"},"modified":"2019-11-30T17:56:14","modified_gmt":"2019-11-30T17:56:14","slug":"mata-posadzkowa","status":"publish","type":"product","link":"https:\/\/simeplast.pl\/?product=mata-posadzkowa","title":{"rendered":"Mata posadzkowa"},"content":{"rendered":"","protected":false},"excerpt":{"rendered":"<div class=\"woocommerce-product-details__short-description\">\n<h2><strong>Siatka z w\u0142\u00f3kna szklanego do zbrojenia wylewek betonowych <\/strong><\/h2>\n<p>Mata posadzkowa wykonana jest z w\u0142\u00f3kna szklanego i s\u0142u\u017cy do zbrojenia wylewek. Siatka szklana zast\u0119puje dotychczas stosowane maty metalowe, eliminuj\u0105c wi\u0119kszo\u015b\u0107 niedogodno\u015bci zwi\u0105zanych z ich stosowaniem. Siatka jest \u0142atwa w transporcie, nieuci\u0105\u017cliwa do sk\u0142adowania, nie koroduje, posiada wysok\u0105 wytrzyma\u0142o\u015b\u0107 mechaniczn\u0105. Zalety:<\/p>\n<ul style=\"list-style-type: square;\">\n<li>zapobiega powstawaniu p\u0119kni\u0119ciom w wylewkach betonowych &#8211; redukuje do 70% p\u0119kni\u0119\u0107 spowodowanych kurczeniem<\/li>\n<li>ogranicza powstawanie p\u0119kni\u0119\u0107 spowodowanymi napi\u0119ciami mechanicznymi &#8211; w\u0142a\u015bciwo\u015b\u0107 potwierdzona przez francuskie laboratorium LERM<\/li>\n<li>nie rdzewieje &#8211; zapewnia d\u0142ug\u0105 ochron\u0119 wylewek przed p\u0119kni\u0119ciami<\/li>\n<li>\u0142atwo\u015b\u0107 rozwijania i ci\u0119cia &#8211; brak strat produktu<\/li>\n<li>\u0142atwo\u015b\u0107 przycinania specyficznych kszta\u0142t\u00f3w &#8211; mo\u017ce by\u0107 ci\u0119ta zwyk\u0142ym no\u017cem<\/li>\n<li>\u0142atwa w transporcie<\/li>\n<li>d\u0142ugi termin przechowywania, mo\u017cliwo\u015b\u0107 przechowywania wewn\u0105trz i na zewn\u0105trz budynk\u00f3w<\/li>\n<\/ul>\n<\/div>\n","protected":false},"featured_media":623,"template":"","meta":[],"product_cat":[18],"product_tag":[],"_links":{"self":[{"href":"https:\/\/simeplast.pl\/index.php?rest_route=\/wp\/v2\/product\/622"}],"collection":[{"href":"https:\/\/simeplast.pl\/index.php?rest_route=\/wp\/v2\/product"}],"about":[{"href":"https:\/\/simeplast.pl\/index.php?rest_route=\/wp\/v2\/types\/product"}],"wp:featuredmedia":[{"embeddable":true,"href":"https:\/\/simeplast.pl\/index.php?rest_route=\/wp\/v2\/media\/623"}],"wp:attachment":[{"href":"https:\/\/simeplast.pl\/index.php?rest_route=%2Fwp%2Fv2%2Fmedia&parent=622"}],"wp:term":[{"taxonomy":"product_cat","embeddable":true,"href":"https:\/\/simeplast.pl\/index.php?rest_route=%2Fwp%2Fv2%2Fproduct_cat&post=622"},{"taxonomy":"product_tag","embeddable":true,"href":"https:\/\/simeplast.pl\/index.php?rest_route=%2Fwp%2Fv2%2Fproduct_tag&post=622"}],"curies":[{"name":"wp","href":"https:\/\/api.w.org\/{rel}","templated":true}]}}