{"id":576,"date":"2018-01-03T17:26:22","date_gmt":"2018-01-03T17:26:22","guid":{"rendered":"http:\/\/simeplast.pl\/?post_type=product&#038;p=576"},"modified":"2023-12-04T14:29:46","modified_gmt":"2023-12-04T14:29:46","slug":"zimo-mur","status":"publish","type":"product","link":"https:\/\/simeplast.pl\/?product=zimo-mur","title":{"rendered":"Zimo-Mur W"},"content":{"rendered":"","protected":false},"excerpt":{"rendered":"<div class=\"woocommerce-product-details__short-description\">\n<h2><strong>Przeciwmrozowy plastyfikator do zapraw budowlanych (do -8\u00b0C) <\/strong><\/h2>\n<p style=\"text-align: justify;\">Zimo-Mur W jest napowietrzaj\u0105co &#8211; uplastyczniaj\u0105c\u0105 domieszk\u0105 dedykowan\u0105 do produkcji cementowych zapraw murarskich oraz tynkarskich, w warunkach obni\u017conych temperatur do -8\u00b0C pod warunkiem zachowania wymaga\u0144 piel\u0119gnacyjnych zawartych w PN-EN 13670. Unikatowa formu\u0142a domieszki pozwala na produkcj\u0119 zapraw o podwy\u017cszonej plastyczno\u015bci oraz szybszym rozwoju wytrzyma\u0142o\u015bci. Zastosowany w zaprawie Zimo-Mur W nie powoduje korozji stali.<\/p>\n<p style=\"text-align: justify;\">Wykorzystanie domieszki Zimo-Mur W pozwala na produkcj\u0119 zapraw o:<\/p>\n<ul style=\"list-style-type: disc; text-align: justify;\">\n<li>Bardzo dobrej przyczepno\u015bci do powierzchni<\/li>\n<li>Bardzo dobrej urabialno\u015bci<\/li>\n<li>Podwy\u017cszonych w\u0142a\u015bciwo\u015bciach izolacyjnych<\/li>\n<li>Wysokiej stabilno\u015bci (brak segregacji i wydzielania wody)<\/li>\n<\/ul>\n<p class=\"alignnone size-full wp-image-317\" style=\"text-align: justify;\">\n<\/div>\n","protected":false},"featured_media":1342,"template":"","meta":[],"product_cat":[16],"product_tag":[],"_links":{"self":[{"href":"https:\/\/simeplast.pl\/index.php?rest_route=\/wp\/v2\/product\/576"}],"collection":[{"href":"https:\/\/simeplast.pl\/index.php?rest_route=\/wp\/v2\/product"}],"about":[{"href":"https:\/\/simeplast.pl\/index.php?rest_route=\/wp\/v2\/types\/product"}],"wp:featuredmedia":[{"embeddable":true,"href":"https:\/\/simeplast.pl\/index.php?rest_route=\/wp\/v2\/media\/1342"}],"wp:attachment":[{"href":"https:\/\/simeplast.pl\/index.php?rest_route=%2Fwp%2Fv2%2Fmedia&parent=576"}],"wp:term":[{"taxonomy":"product_cat","embeddable":true,"href":"https:\/\/simeplast.pl\/index.php?rest_route=%2Fwp%2Fv2%2Fproduct_cat&post=576"},{"taxonomy":"product_tag","embeddable":true,"href":"https:\/\/simeplast.pl\/index.php?rest_route=%2Fwp%2Fv2%2Fproduct_tag&post=576"}],"curies":[{"name":"wp","href":"https:\/\/api.w.org\/{rel}","templated":true}]}}